me factors of q.
3
Let q = -21 - -35. List the prime factors of q.
2, 7
Let f = 28 - 15. Suppose -j = -2*h + f, -4*h + 3*j - 2*j = -27. List the prime factors of h.
7
Suppose -19 = 4*l + 3*y, -4*l = l - 4*y - 15. List the prime factors of (1 - 1) + l + 7.
2, 3
Let g = -1 - -4. Suppose 24 = -2*o + g*o + 3*d, -4*d - 80 = -4*o. List the prime factors of o.
3, 7
Suppose f + 8 + 5 = 3*y, -f - 4 = 0. What are the prime factors of (0 + -1)*(-54)/y?
2, 3
Suppose g - 251 = -0*g - 5*b, g - 4*b - 224 = 0. Suppose -14 = -5*a + g. Suppose 18 = 2*m - 2*i, a = 3*m - 4*i + 21. What are the prime factors of m?
7
Suppose 0*g + 3*g = 3, -4*y + 144 = -4*g. Suppose 5*p - y - 33 = 0. List the prime factors of p.
2, 7
Let y = 4 - 1. Suppose -y*d + 2*c = 43, 44 = -2*d + 2*c + 16. List the prime factors of (-10)/4*66/d.
11
Let h = -17 + 283. List the prime factors of h.
2, 7, 19
What are the prime factors of (-182)/(-1) + -2*2/1?
2, 89
Let t(x) = -x**3 + 14*x**2 + 2*x - 9. List the prime factors of t(14).
19
Let f be (-1 - -3) + -1 + -3. Let j(x) be the third derivative of -x**4/24 + x**3/6 + 2*x**2. What are the prime factors of j(f)?
3
Let y(i) = -i**3 + 11*i**2 - 13*i + 9. List the prime factors of y(9).
2, 3
Suppose -4*z = -z - 456. What are the prime factors of z?
2, 19
Let q(d) be the third derivative of -d**4/12 - d**3/3 - 12*d**2. Let l = -15 - -11. List the prime factors of q(l).
2, 3
Let a = 4 - -10. Let k = a - 4. Let c = k + -8. List the prime factors of c.
2
Let u(k) = 3*k - 4. Let z be (-24)/(-20)*10/(-4). Let v be (-3)/(-1 - 0) - z. What are the prime factors of u(v)?
2, 7
Let x = 58 - 10. List the prime factors of x.
2, 3
Let a(l) = l - 1. Let h be (3/4)/(5/20). Let k be a(h). Suppose -x + 30 = k*x. What are the prime factors of x?
2, 5
Suppose -5*r = 6 + 9. List the prime factors of 0 + (-21)/r - 2.
5
Let f(v) = 2*v**3 + v - 1. Suppose i + 4*i = 5. Let d be f(i). Suppose d*y - 3*y = -7. List the prime factors of y.
7
Let p = 3 + 0. Let d = p - 1. Suppose -d*o + 6 = -o. What are the prime factors of o?
2, 3
Suppose -2*y = -y. Suppose 0 = -i - y*i. Suppose 4*a - 2*a - 24 = i. List the prime factors of a.
2, 3
Let o(w) be the first derivative of w**3/3 + 3*w**2/2 - 4*w - 1. Let f be o(3). Let c = -7 + f. List the prime factors of c.
7
Let q(f) = -185*f**3 - 5 - 8*f**2 + 184*f**3 - 10*f - 2 - 2*f**2. Let z(x) = -x**2 + 2*x - 1. Let h be z(4). List the prime factors of q(h).
2
Suppose j - 2 = 0, -4*o + 216 = -2*o + 4*j. List the prime factors of o.
2, 13
Let v = 116 + -74. What are the prime factors of v?
2, 3, 7
Suppose -3*b - 72 = -3*u, 7*u - 2*u + 5*b - 140 = 0. What are the prime factors of u?
2, 13
What are the prime factors of (-483)/(-5) + 20/50?
97
What are the prime factors of (1*(-15 - 4))/(-1)?
19
Let s(x) = -3*x**3 + 2*x**2 - 4*x - 5. List the prime factors of s(-3).
2, 53
Suppose y - 2 = -0. Suppose 3*f = -y*f. Suppose -4*p - 3*h + f*h + 28 = 0, 0 = 4*p - 4*h. List the prime factors of p.
2
Let m(r) be the second derivative of r**4/12 - 13*r**3/6 - 5*r**2/2 + 2*r. What are the prime factors of m(14)?
3
Suppose 0 = -5*w + 4*w + 5. What are the prime factors of w?
5
Suppose -2*d + f = -0*f + 65, -d - f - 25 = 0. What are the prime factors of (-432)/d + 2/(-5)?
2, 7
List the prime factors of (-2)/(-6)*(50 + -8).
2, 7
Let g(o) = -2*o - 6. Suppose -6 - 6 = w. Let k be 3/(-2)*(-64)/w. List the prime factors of g(k).
2, 5
Suppose 0 = -4*t - t + 600. Let d = t + -76. What are the prime factors of d?
2, 11
Let z be (-1 - 1)*(-1)/2. List the prime factors of 1/(z*1/4).
2
Let s be 1/((-2)/(-4)) + -1. Suppose s + 10 = l. Suppose -3*y + 4*r + l = -6, 0 = -4*r + 4. What are the prime factors of y?
7
Let u(m) = 26*m - 16. List the prime factors of u(4).
2, 11
Let v = -2 + 4. Suppose -5*a + v*a = -30. List the prime factors of a.
2, 5
Let s = -20 + 256. What are the prime factors of s?
2, 59
Let i(h) = -h**2 - 7*h - 2. Let c be i(-6). Suppose 3*s + c = q, -2*s = -q + 5*q - 30. What are the prime factors of q?
7
Let a(d) = d + 1. List the prime factors of a(21).
2, 11
Let y = 211 + -128. Suppose -64 = -3*r + y. List the prime factors of r.
7
Let p(n) = 2*n**2 - 2*n. What are the prime factors of p(6)?
2, 3, 5
Let s(o) = o**2 - 3*o. Let b(m) = -m. Let l be b(-4). Let c be s(l). Let q = 8 - c. What are the prime factors of q?
2
Suppose -10 = -3*h - 4. Let f(w) = -1 + 3*w + 10 - h*w. What are the prime factors of f(-7)?
2
Suppose 4*w - 35 = -w. Let y = -4 + w. List the prime factors of y.
3
Suppose 4*h + 52 = 3*n, 2*n + 0*n - 3*h - 34 = 0. Suppose 7*g + n = 3*g. Let u = 8 + g. List the prime factors of u.
3
Suppose 3*d = -4*r - 2*d + 152, 4*r = 2*d + 180. Suppose -2*a + 20 = 5*n, -3*n + 26 = 5*a - r. Let p = a - 2. List the prime factors of p.
13
Let n(l) = 2*l + 2. Suppose 0*b = 2*b + 5*u - 22, 3*b - 22 = -2*u. List the prime factors of n(b).
2, 7
Suppose 3*m = 4*j - 134, -4*m + 63 - 20 = j. Suppose 0 = 4*c - 2*c - 8. Suppose -n - 3 - 1 = -3*s, j = 5*s + c*n. What are the prime factors of s?
3
Let l(r) = 3*r**2 - 15*r - 8. List the prime factors of l(6).
2, 5
Let y(p) = -p**3 + 6*p**2 - 2*p - 4. List the prime factors of y(4).
2, 5
Suppose -5*k + 11 = -4. Let h(f) = 2*f**2 - 4*f - 4. Let u(w) = w**2 - 4*w - 3. Let r(c) = k*u(c) - 2*h(c). What are the prime factors of r(-2)?
3
Let r(b) = 36*b - 50. What are the prime factors of r(6)?
2, 83
Let n be ((-6)/(-3))/((-4)/14). Let m = 2 + n. Let q = 7 + m. What are the prime factors of q?
2
Let b(g) = -3*g - 1. List the prime factors of b(-8).
23
Let i = 5 + -2. Suppose -4*l - 3*t = -46 - 2, i*l = -5*t + 47. What are the prime factors of l?
3
Let a be (-2*(3 + -5))/(-2). List the prime factors of 3/(105/48 + a).
2
Suppose -5*f + s + 694 = 0, 2*f - 2*s + 419 = 5*f. List the prime factors of f.
139
List the prime factors of (56/(-5))/((-4)/20).
2, 7
Let r be 116/(-3)*(-39)/26. Let s = r + -31. What are the prime factors of s?
3
Let t = 13 - 8. Let f(k) = k**3 + 2*k**2 + 4*k + 7. Let m(u) = -2*u**3 - u**2 - 3*u - 7. Let h(d) = 3*f(d) + 2*m(d). What are the prime factors of h(t)?
2, 3
Let l(a) = -a**2 - 22*a + 6. What are the prime factors of l(-9)?
3, 41
Let b(o) = 9*o - 10. Let q be b(10). Suppose -i = -3*h - 6, -4*i - 12 = -h - q. What are the prime factors of i?
2, 3
Let g(k) = k - 9. Let w be g(4). Let p = w - -5. Suppose 5*y + 1 = 2*f + 5, p = 2*f + y - 8. List the prime factors of f.
3
Suppose -d + 1 - 2 = 0. Let c be 0 - 8*(-2 - d). What are the prime factors of (-2 + 5)*c/12?
2
Let l be 3 + (-2 - 0 - 1). Suppose l*r = -4*r + 84. What are the prime factors of r?
3, 7
Let w = 0 + 0. Suppose 4*u + w*f = f + 85, 3*u + f - 62 = 0. List the prime factors of u.
3, 7
Suppose 2*z + 2*j - 118 = 0, z - j = -4*j + 49. List the prime factors of z.
2
Let l(d) = -2*d**2 + d**2 + 2 + 0*d**2 - 5*d. Let v be l(-5). Suppose v + 3 = i. What are the prime factors of i?
5
Suppose 90 = 24*p - 18*p. What are the prime factors of p?
3, 5
Suppose -m - 3 + 27 = 4*o, -3*o + 2*m + 7 = 0. Suppose 3*q - 14 = -o. Suppose 0 = 5*x - 2*a - 36, x - 2*a - 10 = -q*a. List the prime factors of x.
2
Let m(o) = -o**3 - 3*o**2 - 3*o - 2. Let b be m(-2). Suppose -42 = -b*a - 2*a - 4*x, 36 = a - x. List the prime factors of a.
31
Let t(r) = -r**2 - 8*r - 8. Let v be t(-6). Let p be v/(-8) - (-86)/4. Let d = p + -11. List the prime factors of d.
2, 5
Let n(j) = -2 + 4 + 3*j**2 + 2*j - 4*j**2 + 0*j**2. What are the prime factors of n(2)?
2
Let y = -7 - -10. Suppose -y*h - 33 = -108. What are the prime factors of h?
5
Suppose -4*u - 189 = -3*b, 2*b - 2*u + 289 = 7*b. List the prime factors of b.
59
Suppose 27 = 3*d - 6*d. Let r = -6 - d. List the prime factors of r.
3
Suppose -l = -4*r + 3*l + 232, 5*r + 2*l = 304. Suppose 2*v - 4*v + r = 0. List the prime factors of v.
2, 3, 5
Let j = 26 + 3. What are the prime factors of j?
29
Let k(x) = -x**2 + 7*x - 6. Let z be k(6). Let j = z - -4. Suppose 0 = b - j*b + 51. What are the prime factors of b?
17
What are the prime factors of (-13)/2*(-100)/10?
5, 13
Let d = -242 + 454. List the prime factors of d.
2, 53
Let g(x) = 5*x**2 - 6*x. What are the prime factors of g(6)?
2, 3
Let w = 53 - -56. What are the prime factors of w?
109
Let w(r) = 3*r + 2. Let k be w(4). What are the prime factors of k + -3 - (4 + -2)